{"id":539,"date":"2012-09-13T09:22:21","date_gmt":"2012-09-13T09:22:21","guid":{"rendered":"http:\/\/www.salz-exklusiv.de\/?page_id=539"},"modified":"2014-04-05T11:46:47","modified_gmt":"2014-04-05T11:46:47","slug":"alpensalz","status":"publish","type":"page","link":"http:\/\/www.salz-exklusiv.de\/?page_id=539","title":{"rendered":"Alpensalz"},"content":{"rendered":"<h1><a href=\"http:\/\/www.salz-exklusiv.de\/wp-content\/uploads\/BG-Alp.png\"><img loading=\"lazy\" class=\"aligncenter size-full wp-image-540\" title=\"BG-Alp\" alt=\"\" src=\"http:\/\/www.salz-exklusiv.de\/wp-content\/uploads\/BG-Alp.png\" width=\"600\" height=\"150\" srcset=\"http:\/\/www.salz-exklusiv.de\/wp-content\/uploads\/BG-Alp.png 600w, http:\/\/www.salz-exklusiv.de\/wp-content\/uploads\/BG-Alp-300x75.png 300w\" sizes=\"(max-width: 600px) 100vw, 600px\" \/><\/a><\/h1>\n<h1><span style=\"color: #ff6600;\">Aus den heimischen Alpen!<\/span><\/h1>\n<p>Im Herzen des Salzkammergutes, aus dem Erbstollen Bad Aussees, wird dieses geschmacklich einzigartige Salz abgebaut. Es ist das mineralreichste Salz unter unseren Salzen. Die r\u00f6tlichbraune Farbe wird durch den au\u00dfergew\u00f6hnlich hohen Eisenanteil erreicht. Die kurzen Lieferwege sprechen f\u00fcr Alpensalz.<\/p>\n<p><strong>Empfehlung<\/strong>: Hervorragend geeignet f\u00fcr deftige Speisen, zu allen dunklen Fleischsorten wie Rind, Wild, Bison und Lamm.<\/p>\n","protected":false},"excerpt":{"rendered":"<p>Aus den heimischen Alpen! Im Herzen des Salzkammergutes, aus dem Erbstollen Bad Aussees, wird dieses geschmacklich einzigartige Salz abgebaut. Es ist das mineralreichste Salz unter unseren Salzen. Die r\u00f6tlichbraune Farbe wird durch den au\u00dfergew\u00f6hnlich hohen Eisenanteil erreicht. Die kurzen Lieferwege sprechen f\u00fcr Alpensalz. Empfehlung: Hervorragend geeignet f\u00fcr deftige Speisen, zu allen dunklen Fleischsorten wie Rind, [&hellip;]<\/p>\n","protected":false},"author":1,"featured_media":0,"parent":188,"menu_order":0,"comment_status":"closed","ping_status":"closed","template":"","meta":[],"_links":{"self":[{"href":"http:\/\/www.salz-exklusiv.de\/index.php?rest_route=\/wp\/v2\/pages\/539"}],"collection":[{"href":"http:\/\/www.salz-exklusiv.de\/index.php?rest_route=\/wp\/v2\/pages"}],"about":[{"href":"http:\/\/www.salz-exklusiv.de\/index.php?rest_route=\/wp\/v2\/types\/page"}],"author":[{"embeddable":true,"href":"http:\/\/www.salz-exklusiv.de\/index.php?rest_route=\/wp\/v2\/users\/1"}],"replies":[{"embeddable":true,"href":"http:\/\/www.salz-exklusiv.de\/index.php?rest_route=%2Fwp%2Fv2%2Fcomments&post=539"}],"version-history":[{"count":4,"href":"http:\/\/www.salz-exklusiv.de\/index.php?rest_route=\/wp\/v2\/pages\/539\/revisions"}],"predecessor-version":[{"id":893,"href":"http:\/\/www.salz-exklusiv.de\/index.php?rest_route=\/wp\/v2\/pages\/539\/revisions\/893"}],"up":[{"embeddable":true,"href":"http:\/\/www.salz-exklusiv.de\/index.php?rest_route=\/wp\/v2\/pages\/188"}],"wp:attachment":[{"href":"http:\/\/www.salz-exklusiv.de\/index.php?rest_route=%2Fwp%2Fv2%2Fmedia&parent=539"}],"curies":[{"name":"wp","href":"https:\/\/api.w.org\/{rel}","templated":true}]}}