{"id":527,"date":"2012-09-13T09:07:43","date_gmt":"2012-09-13T09:07:43","guid":{"rendered":"http:\/\/www.salz-exklusiv.de\/?page_id=527"},"modified":"2014-04-05T11:49:50","modified_gmt":"2014-04-05T11:49:50","slug":"feuersalz","status":"publish","type":"page","link":"http:\/\/www.salz-exklusiv.de\/?page_id=527","title":{"rendered":"Feuersalz"},"content":{"rendered":"<h1><a href=\"http:\/\/www.salz-exklusiv.de\/wp-content\/uploads\/BG-Feu.png\"><img loading=\"lazy\" class=\"aligncenter size-full wp-image-528\" title=\"BG-Feu\" alt=\"\" src=\"http:\/\/www.salz-exklusiv.de\/wp-content\/uploads\/BG-Feu.png\" width=\"600\" height=\"150\" srcset=\"http:\/\/www.salz-exklusiv.de\/wp-content\/uploads\/BG-Feu.png 600w, http:\/\/www.salz-exklusiv.de\/wp-content\/uploads\/BG-Feu-300x75.png 300w\" sizes=\"(max-width: 600px) 100vw, 600px\" \/><\/a><\/h1>\n<h1><span style=\"color: #ff6600;\">&#8222;Gl\u00fcckssalz&#8220;!<\/span><\/h1>\n<h5><span style=\"color: #000000;\">F\u00fcr alle die es scharf m\u00f6gen. Ein Grund Speisen scharf zu w\u00fcrzen ist eine damit verbundene Aussch\u00fcttung des Gl\u00fcckshormons Endorphin. Zus\u00e4tzlich hemmen die Inhaltsstoffe scharfer Fr\u00fcchte das Wachstum von Bakterien.\u00a0<\/span><\/h5>\n<h5><strong>Empfehlung<\/strong>: Eine Aufwertung f\u00fcr Deftiges und Gegrilltes.<\/h5>\n<p><span style=\"color: #999999;\">Das \u201ewei\u00dfe Gold\u201c \u2013 HalitSalz bildet die Grundlage unserer Gew\u00fcrzSalze. Die Kr\u00e4uter werden weder begast noch bestrahlt oder anderweitig behandelt. Es wird kein gentechnisch ver\u00e4ndertes Saatgut verwendet. <span style=\"text-decoration: underline;\"><strong>Alle Kr\u00e4uter stammen aus kontrolliert biologischem Anbau.<\/strong><\/span> Genie\u00dfen Sie verschiedene Gew\u00fcrzrichtungen.<\/span><\/p>\n","protected":false},"excerpt":{"rendered":"<p>&#8222;Gl\u00fcckssalz&#8220;! F\u00fcr alle die es scharf m\u00f6gen. Ein Grund Speisen scharf zu w\u00fcrzen ist eine damit verbundene Aussch\u00fcttung des Gl\u00fcckshormons Endorphin. Zus\u00e4tzlich hemmen die Inhaltsstoffe scharfer Fr\u00fcchte das Wachstum von Bakterien.\u00a0 Empfehlung: Eine Aufwertung f\u00fcr Deftiges und Gegrilltes. Das \u201ewei\u00dfe Gold\u201c \u2013 HalitSalz bildet die Grundlage unserer Gew\u00fcrzSalze. Die Kr\u00e4uter werden weder begast noch bestrahlt [&hellip;]<\/p>\n","protected":false},"author":1,"featured_media":0,"parent":188,"menu_order":0,"comment_status":"closed","ping_status":"closed","template":"","meta":[],"_links":{"self":[{"href":"http:\/\/www.salz-exklusiv.de\/index.php?rest_route=\/wp\/v2\/pages\/527"}],"collection":[{"href":"http:\/\/www.salz-exklusiv.de\/index.php?rest_route=\/wp\/v2\/pages"}],"about":[{"href":"http:\/\/www.salz-exklusiv.de\/index.php?rest_route=\/wp\/v2\/types\/page"}],"author":[{"embeddable":true,"href":"http:\/\/www.salz-exklusiv.de\/index.php?rest_route=\/wp\/v2\/users\/1"}],"replies":[{"embeddable":true,"href":"http:\/\/www.salz-exklusiv.de\/index.php?rest_route=%2Fwp%2Fv2%2Fcomments&post=527"}],"version-history":[{"count":5,"href":"http:\/\/www.salz-exklusiv.de\/index.php?rest_route=\/wp\/v2\/pages\/527\/revisions"}],"predecessor-version":[{"id":900,"href":"http:\/\/www.salz-exklusiv.de\/index.php?rest_route=\/wp\/v2\/pages\/527\/revisions\/900"}],"up":[{"embeddable":true,"href":"http:\/\/www.salz-exklusiv.de\/index.php?rest_route=\/wp\/v2\/pages\/188"}],"wp:attachment":[{"href":"http:\/\/www.salz-exklusiv.de\/index.php?rest_route=%2Fwp%2Fv2%2Fmedia&parent=527"}],"curies":[{"name":"wp","href":"https:\/\/api.w.org\/{rel}","templated":true}]}}