{"id":523,"date":"2012-09-13T09:02:13","date_gmt":"2012-09-13T09:02:13","guid":{"rendered":"http:\/\/www.salz-exklusiv.de\/?page_id=523"},"modified":"2014-04-05T11:50:20","modified_gmt":"2014-04-05T11:50:20","slug":"halitsalz","status":"publish","type":"page","link":"http:\/\/www.salz-exklusiv.de\/?page_id=523","title":{"rendered":"Halitsalz"},"content":{"rendered":"<p><a href=\"http:\/\/www.salz-exklusiv.de\/wp-content\/uploads\/BG-Hal.png\"><img loading=\"lazy\" class=\"aligncenter size-full wp-image-524\" title=\"BG-Hal\" alt=\"\" src=\"http:\/\/www.salz-exklusiv.de\/wp-content\/uploads\/BG-Hal.png\" width=\"600\" height=\"150\" srcset=\"http:\/\/www.salz-exklusiv.de\/wp-content\/uploads\/BG-Hal.png 600w, http:\/\/www.salz-exklusiv.de\/wp-content\/uploads\/BG-Hal-300x75.png 300w\" sizes=\"(max-width: 600px) 100vw, 600px\" \/><\/a><\/p>\n<h1><span style=\"color: #ff6600;\">Der Diamant unter den Salzen!<\/span><\/h1>\n<h5>Das \u00e4lteste Salz hat eine perfekte Anordnung der Kristallgitterstruktur. Es verleiht dem Halitsalz das Aussehen eines Diamanten. Es bricht kubisch ab und galt fr\u00fcher als besonderer Kraftstein. &#8222;Wei\u00dfes Gold&#8220; wurde es genannt, da es mit Gold aufgewogen wurde. Ein Kilogramm Halitsalz war ein Kilogramm Gold wert. Deshalb war Halitsalz nur den Adeligen vorbehalten.<\/h5>\n<h5><strong>Empfehlung:<\/strong> Das &#8222;wei\u00dfe Gold&#8220; f\u00fcr alle Speisen verw\u00f6hnt jeden Geschmack.<\/h5>\n","protected":false},"excerpt":{"rendered":"<p>Der Diamant unter den Salzen! Das \u00e4lteste Salz hat eine perfekte Anordnung der Kristallgitterstruktur. Es verleiht dem Halitsalz das Aussehen eines Diamanten. Es bricht kubisch ab und galt fr\u00fcher als besonderer Kraftstein. &#8222;Wei\u00dfes Gold&#8220; wurde es genannt, da es mit Gold aufgewogen wurde. Ein Kilogramm Halitsalz war ein Kilogramm Gold wert. Deshalb war Halitsalz nur [&hellip;]<\/p>\n","protected":false},"author":1,"featured_media":0,"parent":188,"menu_order":0,"comment_status":"closed","ping_status":"closed","template":"","meta":[],"_links":{"self":[{"href":"http:\/\/www.salz-exklusiv.de\/index.php?rest_route=\/wp\/v2\/pages\/523"}],"collection":[{"href":"http:\/\/www.salz-exklusiv.de\/index.php?rest_route=\/wp\/v2\/pages"}],"about":[{"href":"http:\/\/www.salz-exklusiv.de\/index.php?rest_route=\/wp\/v2\/types\/page"}],"author":[{"embeddable":true,"href":"http:\/\/www.salz-exklusiv.de\/index.php?rest_route=\/wp\/v2\/users\/1"}],"replies":[{"embeddable":true,"href":"http:\/\/www.salz-exklusiv.de\/index.php?rest_route=%2Fwp%2Fv2%2Fcomments&post=523"}],"version-history":[{"count":3,"href":"http:\/\/www.salz-exklusiv.de\/index.php?rest_route=\/wp\/v2\/pages\/523\/revisions"}],"predecessor-version":[{"id":902,"href":"http:\/\/www.salz-exklusiv.de\/index.php?rest_route=\/wp\/v2\/pages\/523\/revisions\/902"}],"up":[{"embeddable":true,"href":"http:\/\/www.salz-exklusiv.de\/index.php?rest_route=\/wp\/v2\/pages\/188"}],"wp:attachment":[{"href":"http:\/\/www.salz-exklusiv.de\/index.php?rest_route=%2Fwp%2Fv2%2Fmedia&parent=523"}],"curies":[{"name":"wp","href":"https:\/\/api.w.org\/{rel}","templated":true}]}}