{"id":506,"date":"2012-09-13T08:36:53","date_gmt":"2012-09-13T08:36:53","guid":{"rendered":"http:\/\/www.salz-exklusiv.de\/?page_id=506"},"modified":"2014-04-05T11:54:35","modified_gmt":"2014-04-05T11:54:35","slug":"krautersalz","status":"publish","type":"page","link":"http:\/\/www.salz-exklusiv.de\/?page_id=506","title":{"rendered":"Kr\u00e4utersalz"},"content":{"rendered":"<p><a href=\"http:\/\/www.salz-exklusiv.de\/wp-content\/uploads\/BG-Kr\u00e4.png\"><img loading=\"lazy\" class=\"aligncenter size-full wp-image-507\" title=\"BG-Kr\u00e4\" alt=\"\" src=\"http:\/\/www.salz-exklusiv.de\/wp-content\/uploads\/BG-Kr\u00e4.png\" width=\"600\" height=\"150\" srcset=\"http:\/\/www.salz-exklusiv.de\/wp-content\/uploads\/BG-Kr\u00e4.png 600w, http:\/\/www.salz-exklusiv.de\/wp-content\/uploads\/BG-Kr\u00e4-300x75.png 300w\" sizes=\"(max-width: 600px) 100vw, 600px\" \/><\/a><\/p>\n<h1><span style=\"color: #ff6600;\">Mit Kr\u00e4utern aus biologischem Anbau!<\/span><\/h1>\n<p><strong><span style=\"color: #000000;\">Zutaten:\u00a0<\/span><\/strong><span style=\"color: #000000;\">Halitsalz, Petersilie, Majoran, Bergbohnenkraut, Oregano, Koriander, Liebst\u00f6ckel, Brennnessel, Thymian, Knoblauch, Dill, Salbei, Zwiebel, Sellerie.<\/span><\/p>\n<p><span style=\"color: #999999;\">Das \u201ewei\u00dfe Gold\u201c \u2013 HalitSalz bildet die Grundlage unserer Gew\u00fcrzSalze. Die Kr\u00e4uter werden weder begast noch bestrahlt oder anderweitig behandelt. Es wird kein gentechnisch ver\u00e4ndertes Saatgut verwendet.\u00a0 Genie\u00dfen Sie verschiedene Gew\u00fcrzrichtungen.<\/span><\/p>\n<p>&nbsp;<\/p>\n<p>&nbsp;<\/p>\n<p>&nbsp;<\/p>\n<p>&nbsp;<\/p>\n<p>&nbsp;<\/p>\n<p>&nbsp;<\/p>\n<p>&nbsp;<\/p>\n<p>&nbsp;<\/p>\n","protected":false},"excerpt":{"rendered":"<p>Mit Kr\u00e4utern aus biologischem Anbau! Zutaten:\u00a0Halitsalz, Petersilie, Majoran, Bergbohnenkraut, Oregano, Koriander, Liebst\u00f6ckel, Brennnessel, Thymian, Knoblauch, Dill, Salbei, Zwiebel, Sellerie. Das \u201ewei\u00dfe Gold\u201c \u2013 HalitSalz bildet die Grundlage unserer Gew\u00fcrzSalze. Die Kr\u00e4uter werden weder begast noch bestrahlt oder anderweitig behandelt. Es wird kein gentechnisch ver\u00e4ndertes Saatgut verwendet.\u00a0 Genie\u00dfen Sie verschiedene Gew\u00fcrzrichtungen. &nbsp; &nbsp; &nbsp; &nbsp; &nbsp; [&hellip;]<\/p>\n","protected":false},"author":1,"featured_media":0,"parent":188,"menu_order":0,"comment_status":"closed","ping_status":"closed","template":"","meta":[],"_links":{"self":[{"href":"http:\/\/www.salz-exklusiv.de\/index.php?rest_route=\/wp\/v2\/pages\/506"}],"collection":[{"href":"http:\/\/www.salz-exklusiv.de\/index.php?rest_route=\/wp\/v2\/pages"}],"about":[{"href":"http:\/\/www.salz-exklusiv.de\/index.php?rest_route=\/wp\/v2\/types\/page"}],"author":[{"embeddable":true,"href":"http:\/\/www.salz-exklusiv.de\/index.php?rest_route=\/wp\/v2\/users\/1"}],"replies":[{"embeddable":true,"href":"http:\/\/www.salz-exklusiv.de\/index.php?rest_route=%2Fwp%2Fv2%2Fcomments&post=506"}],"version-history":[{"count":3,"href":"http:\/\/www.salz-exklusiv.de\/index.php?rest_route=\/wp\/v2\/pages\/506\/revisions"}],"predecessor-version":[{"id":909,"href":"http:\/\/www.salz-exklusiv.de\/index.php?rest_route=\/wp\/v2\/pages\/506\/revisions\/909"}],"up":[{"embeddable":true,"href":"http:\/\/www.salz-exklusiv.de\/index.php?rest_route=\/wp\/v2\/pages\/188"}],"wp:attachment":[{"href":"http:\/\/www.salz-exklusiv.de\/index.php?rest_route=%2Fwp%2Fv2%2Fmedia&parent=506"}],"curies":[{"name":"wp","href":"https:\/\/api.w.org\/{rel}","templated":true}]}}